19*x - 4. What are the prime factors of m(1)?
2, 3
Suppose -3*r = -13 + 112. Let u be (-777)/12 + (-2)/8. Let h = r - u. What are the prime factors of h?
2
Let g = 477 - -19. What are the prime factors of g?
2, 31
Let z(l) = -56*l**3 + 2*l**2 + 7*l + 4. What are the prime factors of z(-1)?
5, 11
Let m be ((-2)/4)/(3/(-7206)). Suppose -724 - m = -7*l. What are the prime factors of l?
5, 11
List the prime factors of ((-111)/(-9))/((-33)/(-4653)).
37, 47
Suppose m = 2*m - 139. Suppose 5*x = 56 + m. List the prime factors of x.
3, 13
Let k be (-3)/5 - 18/(-5). Suppose 2*m = -5*p + 85, -2*m + 3*m = -k*p + 51. Let z = p - -22. What are the prime factors of z?
3, 13
Suppose -2 + 1 = -2*d - o, -4*o + 4 = d. Suppose -h + 2*h - 36 = d. What are the prime factors of h?
2, 3
Suppose 121 = 7*l - 166. Let q = l + 1. List the prime factors of q.
2, 3, 7
Let u(v) = -7 - 7*v - 2 - 2 + 5*v. Let c be u(-8). Suppose c*o + 2*t = -0*t + 12, -t - 16 = -3*o. What are the prime factors of o?
2
Suppose -2*o - 12 = 2*o. Let p(v) = -5*v - 5. Let h be p(o). List the prime factors of (-285)/(-7) - h/(-35).
41
Let b(x) = -x**3 - x**2 - 33*x - 35. List the prime factors of b(-12).
5, 389
Suppose 6*n - 11*n + 170 = 0. Suppose -q + 89 = n. What are the prime factors of q?
5, 11
Let j = 6165 - 2461. What are the prime factors of j?
2, 463
Let j = -131 - -133. Let t(p) = 52*p**2 + 2*p. List the prime factors of t(j).
2, 53
Let u be (-19)/114 + 17/(-6). List the prime factors of u - (3/4 + (-687)/4).
2, 3, 7
List the prime factors of 1166/14 + (-44)/154.
83
Suppose -2*r + 64 = -0*r. What are the prime factors of ((-1)/(3/r))/(31/(-93))?
2
Suppose 4*f = -20, -2*u + f + 3*f = -128. Let o = -11 + u. Suppose 3*w + o = 115. What are the prime factors of w?
2, 3
Let o be 2/6 - (-44)/12. Suppose -5*w + 12 = -2*w - 5*d, -5*w = -o*d - 20. Suppose 0 = a + 5*u - 8 - 23, 0 = 4*u + w. List the prime factors of a.
2, 3
Let u = -89 - -567. List the prime factors of u.
2, 239
Let v(c) = 14*c**2 + 3*c + 3. Let n be v(-3). Let b = -218 + 159. Let k = b + n. List the prime factors of k.
61
Suppose -8*n + 12 = -20. Suppose 126 = v + a, 3*v + 256 = 5*v + n*a. List the prime factors of v.
2, 31
Suppose 168 = 2*u + 2*u. List the prime factors of u.
2, 3, 7
Suppose 2*j + 0*r = -r + 3, -9 = 2*j - 3*r. Suppose 4*v = -j*v + 12. Suppose v*w - 5*a - 57 = 100, 0 = -4*w + 4*a + 220. List the prime factors of w.
59
Let q(y) = -y + 13. Let k(u) = -u**2 + 10*u - 8. Let b be k(7). Let a be q(b). Suppose a = 4*v - 12. List the prime factors of v.
3
Suppose -3*d - 13 = -4*r, -5 = -3*d - 2*d. Let y(g) = g**2 + r*g**3 - 1 - g - 11*g**3 + 5*g**3. What are the prime factors of y(-2)?
3, 7
Suppose 27*z - 11*z - 17792 = 0. List the prime factors of z.
2, 139
Suppose 13*w - 7937 = -787. Suppose x - 375 = -13*l + 11*l, -4*x = 3*l - w. What are the prime factors of l?
2, 5, 19
Suppose 2*c = -2*s + 360, -s + c = 3*c - 180. What are the prime factors of s?
2, 3, 5
What are the prime factors of 3350/14 + 1*10/(-35)?
239
Let s = 470 + -902. Let o = s - -656. List the prime factors of o.
2, 7
Let i = -3311 + 4689. List the prime factors of i.
2, 13, 53
Suppose 0 = -21*l + 30*l - 1287. List the prime factors of l.
11, 13
Let m be (1 - -5)/36 + (-2303)/(-6). Suppose 2*n = 4*l - m, -4*l = -2*n + 4*n - 400. What are the prime factors of l?
2, 7
Suppose 0 = 3*f - 2*k + 2 - 16, -8 = -f + 4*k. Suppose 5*u = f*u - 5*c + 10, -5*u + 24 = -c. What are the prime factors of u?
5
Let y(n) = 303*n**2 + 123*n + 485. List the prime factors of y(-4).
47, 103
Let d(r) be the first derivative of -r**2/2 + 19*r - 15. Suppose 4*b + 3*u + 21 = -2, 3*u = -b - 8. List the prime factors of d(b).
2, 3
Suppose -6*g - 3440 = -9236. What are the prime factors of g?
2, 3, 7, 23
Let v(f) = f**2 + 3*f + 4 - 13*f - 2*f**2. Suppose 130*w + 18 = 127*w. What are the prime factors of v(w)?
2, 7
Let n(c) = c**3 - 22*c**2 - 181*c + 37. What are the prime factors of n(33)?
6043
Let j(k) = -91*k - 37. What are the prime factors of j(-6)?
509
Let h(t) = -154*t - 780. List the prime factors of h(-18).
2, 3, 83
Let s(n) be the second derivative of n**4/6 + n**2/2 - 5*n. Let b be s(-2). List the prime factors of 114/b + (-2)/3.
2, 3
Let x be 5 + (-28)/6 + (-588)/(-18). Suppose 0 = 2*d - 8, -d = -2*y + 5*y - 112. Suppose 0 = 3*v - x - y. List the prime factors of v.
23
Let k = 11 - 11. Suppose 2*t + 2*a + 3*a - 91 = 0, k = 3*t - 3*a - 84. Let q = 1 + t. What are the prime factors of q?
2, 17
Let f(v) = v + 37. Let k be f(-32). Suppose -2*o - 700 = -k*z - 3*o, -705 = -5*z - 2*o. List the prime factors of z.
139
Let y = 445 + -271. Let g = y - 89. List the prime factors of g.
5, 17
Let j = 1387 + 736. List the prime factors of j.
11, 193
Suppose -1432*x = -1416*x - 56432. List the prime factors of x.
3527
Suppose -3*m + 0*n + 4*n - 7 = 0, -5*m = -2*n - 7. Suppose -21 - m = -12*l. List the prime factors of l.
2
Suppose 71 = 3*i - 148. What are the prime factors of i?
73
Let s(b) = -b**3 - 12*b**2 - 3*b + 11. Suppose -33 = -4*l - 3*y, 6*l = l - 5*y + 35. Let o be 154/(-13) + l/(-78). List the prime factors of s(o).
47
Let n be (-1)/(3/(-1836) + 0). Suppose c + 2*b - 285 = 7*b, -2*c + n = 4*b. Suppose f = -5*f + c. List the prime factors of f.
2, 5
Suppose -4*x + 769 = -3*y, 2*y + 165 = 2*x - 217. Suppose j = -3*g + 176, -4*g + 4*j = -g - x. List the prime factors of g.
2, 3, 5
Let k(n) = n**2 - n - 2. Let y be k(0). Let v be 15 + y + (-3)/(-3). Let i = v + -11. List the prime factors of i.
3
Let f be -266 + (16/(-4) - -2). What are the prime factors of 5/15 - f/6?
3, 5
Suppose -12*o + 1001 = -619. What are the prime factors of o?
3, 5
Let u(s) = -142*s + 41. List the prime factors of u(-10).
3, 487
Suppose -3*k = -0*k + 6, 2*k = 2*a + 56. List the prime factors of (-126)/105*a/4.
3
Let j(y) = 6*y**2 - 17*y + 56. What are the prime factors of j(12)?
2, 179
Let a(i) = 29*i - 61. What are the prime factors of a(18)?
461
Suppose 3*g + 2*g = 25, q = 2*g - 33. Let u be ((-2)/(-6))/(2/282). Let n = q + u. What are the prime factors of n?
2, 3
Let l be (11 + -12)/(2/(-6)). Suppose -3*b - a + 56 = 0, 6*b - 5*a - 62 = l*b. What are the prime factors of b?
19
Suppose -2*d + 3*h + 22 - 83 = 0, -3*h + 15 = 0. Let u = d - -25. Suppose u*p = g - 49, -48 = -g + p - 0*p. What are the prime factors of g?
47
Let a = 25 + -22. Let d(p) = 2*p**2 + p - 4. Let w be d(a). Let b = w + -4. What are the prime factors of b?
13
Let o(z) = 55*z**2 + z + 1. Let i be o(-1). Suppose 2*x = i + 65. What are the prime factors of x?
2, 3, 5
Suppose 4410 = 10*n - 2400. List the prime factors of n.
3, 227
Suppose 0 = -15*j + 29*j - 9058. List the prime factors of j.
647
Let y(o) = -616*o**3 + 3*o**2 + 3*o + 1. List the prime factors of y(-1).
617
Let k = 6 - 2. Suppose -50 = -k*h + 6. What are the prime factors of 276/h - 4/(-14)?
2, 5
Let m = 1126 - 488. What are the prime factors of m?
2, 11, 29
Suppose -4*q = -q + 3*c - 1524, 5*c - 524 = -q. List the prime factors of q.
2, 3, 7
Let b(u) = -4*u + 3. Let k be b(1). Let w(z) = 27*z**3 - 5*z - 75*z**3 - 1 + z**2 + z + 3*z. What are the prime factors of w(k)?
7
List the prime factors of (-43)/86 + 505/2.
2, 3, 7
What are the prime factors of -4*(-4)/8 + 108?
2, 5, 11
Let t(b) = -3*b - 8. Let l(z) = -z**3 - 6*z**2 + 3*z + 5. Let y be l(-6). Let d = 9 + y. List the prime factors of t(d).
2
Let m be (8 - 0) + 7/(-28)*-4. Suppose 3*h - m = -z, 7*z - 16 = -2*h + 3*z. What are the prime factors of h?
2
Let c be 23/(-3) - 5/15. List the prime factors of ((-54)/c)/((-4)/(-16)).
3
Let z = -16 - -24. List the prime factors of z.
2
Let r(u) = u + 29. Let w be r(-13). Suppose w*h - 15*h = 171. What are the prime factors of h?
3, 19
Let c(k) = k**2 + 4*k - 1. Let s be c(-5). Suppose -x = -s - 0. Let g(j) = 2*j**2 - 3*j + 1. What are the prime factors of g(x)?
3, 7
Let s = -35 - -42. Suppose -s*i + 1257 = -472. What are the prime factors of i?
13, 19
Let v be (-1 + 0)/((-5)/10). Let l be ((-8)/v)/(4/(-2)). List the prime factors of (2 - 0)/(l/19).
19
Suppose -12*b = -9*b - t - 1197, 1988 = 5*b - 4*t. List the prime factors of b.
2, 5
Suppose -o + 2*y = 8, -y + 3*y - 8 = 0. Suppose o = l - 0*l. Suppose l = -2*u + u + 24. List the prime factors of u.
2, 3
What are the prime factor